{"id":23381,"date":"2019-05-30T08:38:48","date_gmt":"2019-05-30T05:38:48","guid":{"rendered":"https:\/\/breathingman.fi\/?page_id=23381"},"modified":"2026-04-08T14:28:43","modified_gmt":"2026-04-08T11:28:43","slug":"palvelut","status":"publish","type":"page","link":"https:\/\/breathingman.fi\/?page_id=23381","title":{"rendered":"Yritysasiakkaat"},"content":{"rendered":"<p>[et_pb_section fb_built=&#8221;1&#8243; _builder_version=&#8221;4.24.0&#8243; background_color=&#8221;#032B35&#8243; background_enable_image=&#8221;off&#8221; global_colors_info=&#8221;{}&#8221;][et_pb_row _builder_version=&#8221;4.24.0&#8243; _module_preset=&#8221;default&#8221; min_height=&#8221;150px&#8221; custom_padding=&#8221;||5px|||&#8221; global_colors_info=&#8221;{}&#8221;][et_pb_column type=&#8221;4_4&#8243; _builder_version=&#8221;4.24.0&#8243; _module_preset=&#8221;default&#8221; global_colors_info=&#8221;{}&#8221;][et_pb_heading title=&#8221;%22Mentaalisesti ja fyysisesti ylikuormittuneet ty\u00f6ntekij\u00e4t tekev\u00e4t heikompia p\u00e4\u00e4t\u00f6ksi\u00e4 ja ty\u00f6skentelev\u00e4t tehottomammin. Samalla tiimin tekemisen meininki ja yhteishenki k\u00e4rsii. Stressinhallintataitojen kehitt\u00e4minen on nykyp\u00e4iv\u00e4n yrityksille kriittinen kilpailuetu.%22&#8243; _builder_version=&#8221;4.24.0&#8243; _module_preset=&#8221;default&#8221; title_text_color=&#8221;#FFFFFF&#8221; global_colors_info=&#8221;{}&#8221;][\/et_pb_heading][\/et_pb_column][\/et_pb_row][et_pb_row column_structure=&#8221;1_2,1_2&#8243; _builder_version=&#8221;4.16&#8243; background_color=&#8221;rgba(255,255,255,0.78)&#8221; min_height=&#8221;1818px&#8221; custom_padding=&#8221;||98px|||&#8221; global_colors_info=&#8221;{}&#8221;][et_pb_column type=&#8221;1_2&#8243; module_id=&#8221;yritykset&#8221; _builder_version=&#8221;4.16&#8243; custom_padding=&#8221;|||&#8221; global_colors_info=&#8221;{}&#8221; custom_padding__hover=&#8221;|||&#8221;][et_pb_text _builder_version=&#8221;4.16&#8243; text_font=&#8221;||||||||&#8221; text_text_color=&#8221;#000000&#8243; global_colors_info=&#8221;{}&#8221;]<\/p>\n<h1 style=\"text-align: center;\"><\/h1>\n<p>&nbsp;<\/p>\n<h1 style=\"text-align: center;\">YRITYSTEN VALMENNUKSET<\/h1>\n<p>&nbsp;<\/p>\n<p data-start=\"164\" data-end=\"368\" style=\"text-align: center;\"><strong data-start=\"164\" data-end=\"201\"><\/strong><\/p>\n<p data-start=\"164\" data-end=\"368\" style=\"text-align: center;\"><strong data-start=\"164\" data-end=\"201\">1. Hengityksen Tehokurssi (1\u20133 tuntia)<\/strong><\/p>\n<p data-start=\"164\" data-end=\"368\" style=\"text-align: center;\">Helppo, vaikuttava ja el\u00e4myksellinen valmennus, joka sopii kaikille. Yksil\u00f6llisesti r\u00e4\u00e4t\u00e4l\u00f6idyt hengitystekniikat parantavat unta, keskittymist\u00e4, vireystilaa ja auttavat stressinhallinnassa.<\/p>\n<p data-start=\"372\" data-end=\"409\" style=\"text-align: center;\">&#8211; Terveytt\u00e4 ja hyvinvointia tukeva hengitys<\/p>\n<p data-start=\"412\" data-end=\"470\" style=\"text-align: center;\">&#8211; Breathingman ABBA -metodi<\/p>\n<p data-start=\"473\" data-end=\"504\" style=\"text-align: center;\">&#8211; Hengitystekniikat arjen painetilanteisiin<\/p>\n<p data-start=\"473\" data-end=\"504\" style=\"text-align: center;\">&#8211; Yksil\u00f6llinen palauttava hengitysrytmi jokaiselle<\/p>\n<p style=\"text-align: center;\">&#8211; Harjoitteluohjeet tulosteina ja videoina.<\/p>\n<p style=\"text-align: center;\">&#8211; Johdolle yhteenveto palautteista<\/p>\n<p style=\"text-align: center;\">\n<p style=\"text-align: center;\">Toteutus liven\u00e4 Tampereen ydinkeskustassa, yrityksesi tiloissa tai vuokratiloissa miss\u00e4 tahansa Suomessa. Suosituissa online-toteutuksissa hengitysvalmennus tulee suoraan neukkariisi. Helppo j\u00e4rjest\u00e4\u00e4, ei matkakustannuksia ja t\u00e4ysipainoinen kokemus. (Teams, Zoom, Meet).<\/p>\n<p style=\"text-align: center;\">\ud83d\udccc <strong data-start=\"1019\" data-end=\"1086\">Tutustu asiakaspalautteisiin ja referensseihin \u2013<a href=\"https:\/\/breathingman.fi\/?page_id=45810\">T\u00c4ST\u00c4<\/a><\/strong><\/p>\n<p style=\"text-align: center;\"><strong data-start=\"1019\" data-end=\"1086\">Lis\u00e4tiedot ja tarjous: <\/strong>040-5902869 \/ Arttu arttu.lipsonen at gmail.com<\/p>\n<p data-start=\"140\" data-end=\"348\" style=\"text-align: center;\">\n<p data-start=\"140\" data-end=\"348\" style=\"text-align: center;\"><strong>2. Hengitys ja Stressinhallinta (1-3 tuntia)<\/strong><\/p>\n<p data-start=\"140\" data-end=\"348\" style=\"text-align: center;\">Kertaa ja syvent\u00e4\u00e4 aiemmin opitut hengitystekniikat sek\u00e4 tuo mukaan tieteellisesti validoidun stressinhallintametodin. Fokusoi stressinhallintavalmiuksien kehitt\u00e4miseen eri tilanteissa ja suorituskyvyn ja palautumisen optimointiin \u2013 tehokas tuki vaativaan ty\u00f6arkeen.<\/p>\n<p data-start=\"350\" data-end=\"364\" style=\"text-align: center;\">\n<p data-start=\"367\" data-end=\"424\" style=\"text-align: center;\">&#8211; Samat hengitystekniikat kuin Hengityksen tehokurssilla. R\u00e4\u00e4t\u00e4l\u00f6ity kertaus ja syvent\u00e4minen<\/p>\n<p data-start=\"427\" data-end=\"549\" style=\"text-align: center;\">&#8211; Tieteellisesti validoitu metodi stressinhallintaan ja mielenhallintaan (esim. ennen palaveria, esiintymist\u00e4, konfliktitilanteet) <br \/>&#8211; Oppimisen ja palautumisen tehostaminen (AAR \u2013 After Action Review)<\/p>\n<p data-start=\"427\" data-end=\"549\" style=\"text-align: center;\">&#8211; Harjoitusohjeet tulosteina ja videoina (YouTube-videopankki)<\/p>\n<p data-start=\"427\" data-end=\"549\" style=\"text-align: center;\">&#8211; Johdolle tiivis yhteenveto osallistujapalautteista<\/p>\n<p data-start=\"427\" data-end=\"549\" style=\"text-align: center;\">\n<p style=\"text-align: center;\">\n<p data-start=\"206\" data-end=\"451\" style=\"text-align: center;\"><strong>3. Vetre\u00e4 keho ja Hengitys (1-3 tuntia)<\/strong><\/p>\n<p data-start=\"206\" data-end=\"451\" style=\"text-align: center;\">T\u00e4m\u00e4 valmennus yhdist\u00e4\u00e4 hengitysty\u00f6kalut ja yksinkertaiset liikkeet sel\u00e4n, niskan ja k\u00e4sivarsien vetreytt\u00e4miseen. Suunniteltu erityisesti istuma- ja p\u00e4\u00e4tety\u00f6n kuormittamille kehoille. Sopii kaikille \u2013 ilman venyttelytaustaa tai kuntovaatimuksia.<\/p>\n<p data-start=\"455\" data-end=\"515\" style=\"text-align: center;\">&#8211; Kevyet liikesarjat niska\u2013hartia\u2013selk\u00e4\u2013k\u00e4sivarret -alueille<\/p>\n<p data-start=\"518\" data-end=\"561\" style=\"text-align: center;\">&#8211; Sopii ty\u00f6p\u00e4iv\u00e4n keskelle tai kotijumpaksi<\/p>\n<p data-start=\"564\" data-end=\"618\" style=\"text-align: center;\">&#8211; Palauttava hengitys tukee liikkeit\u00e4 ja rentoutumista<\/p>\n<p data-start=\"621\" data-end=\"660\" style=\"text-align: center;\">&#8211; Lis\u00e4\u00e4 vireytt\u00e4 ja ehk\u00e4isee kiputiloja<\/p>\n<p data-start=\"663\" data-end=\"723\" style=\"text-align: center;\">&#8211; Ei aseta ket\u00e4\u00e4n ep\u00e4mukavaan tilanteeseen \u2013 helppo osallistua<\/p>\n<p style=\"text-align: center;\"><strong><\/strong><\/p>\n<p style=\"text-align: center;\"><strong><\/strong><\/p>\n<p style=\"text-align: center;\"><strong>4. Breathingman el\u00e4mys &#8211; TYKY- ja TYHY-p\u00e4iviin (30-90 min). My\u00f6s online!<\/strong><\/p>\n<p data-start=\"186\" data-end=\"377\" style=\"text-align: center;\">Kevyt, hauska ja vaikuttava hengitysel\u00e4mys, joka sopii t\u00e4ydellisesti strategiap\u00e4ivien tai henkil\u00f6st\u00f6n hyvinvointip\u00e4iv\u00e4n ohjelmaan. Helppo j\u00e4rjest\u00e4\u00e4 ja ylitt\u00e4\u00e4 usein osallistujien odotukset.<\/p>\n<p data-start=\"381\" data-end=\"427\" style=\"text-align: center;\">&#8211; Rentouttava hengityssessio istuen tai maaten<\/p>\n<p data-start=\"430\" data-end=\"472\" style=\"text-align: center;\">&#8211; Sopii kaikille \u2013 ei vaadi ennakkotaitoja<\/p>\n<p data-start=\"475\" data-end=\"518\" style=\"text-align: center;\">&#8211; Palauttaa, energisoi ja yhdist\u00e4\u00e4 porukkaa<\/p>\n<p data-start=\"521\" data-end=\"576\" style=\"text-align: center;\">&#8211; Voidaan toteuttaa miss\u00e4 vain: neukkarista juhlasaliin<\/p>\n<p data-start=\"579\" data-end=\"631\" style=\"text-align: center;\">&#8211; Kesto ja intensiteetti toiveidesi mukaan (30\u201390 min)<\/p>\n<p style=\"text-align: center;\">\n<p data-start=\"166\" data-end=\"402\">\n<p data-start=\"166\" data-end=\"402\">\n<p data-start=\"166\" data-end=\"402\" style=\"text-align: center;\"><strong>5. Breathingman hengityshetket (30-45 min)<\/strong><\/p>\n<p data-start=\"166\" data-end=\"402\" style=\"text-align: center;\">S\u00e4\u00e4nn\u00f6lliset hengityshetket tukevat ty\u00f6yhteis\u00f6n palautumista, keskittymiskyky\u00e4 ja yhteishenke\u00e4 \u2013 lempe\u00e4sti ja tehokkaasti. Valmennukset r\u00e4\u00e4t\u00e4l\u00f6id\u00e4\u00e4n aiemmin opittujen tekniikoiden pohjalta, osallistujien toiveiden ja tarpeiden mukaan.<\/p>\n<p data-start=\"406\" data-end=\"447\" style=\"text-align: center;\">&#8211; Breathingman-harjoitesarjat ty\u00f6n arkeen<\/p>\n<p data-start=\"450\" data-end=\"496\" style=\"text-align: center;\">&#8211; Tuki jalkauttamiselle ja pysyville hy\u00f6dyille<\/p>\n<p data-start=\"499\" data-end=\"533\" style=\"text-align: center;\">&#8211; Rentouttaa, rauhoittaa, uudistaa<\/p>\n<p data-start=\"536\" data-end=\"583\" style=\"text-align: center;\">&#8211; Soveltuu hyvin viikko- tai kuukausirutiiniksi<\/p>\n<p data-start=\"536\" data-end=\"583\" style=\"text-align: center;\">&#8211; Toteutus ty\u00f6paikalla tai verkossa<\/p>\n<p data-start=\"536\" data-end=\"583\" style=\"text-align: center;\">\n<p style=\"text-align: center;\"><strong>\u00a06. Breathingman yksil\u00f6valmennus (1 h)<\/strong><\/p>\n<p data-start=\"698\" data-end=\"929\" style=\"text-align: center;\">Ratkaisukeskeinen kokonaisvaltainen yksil\u00f6valmennus maksimoi ryhm\u00e4valmennusten vaikutuksen ja tuo hyvi\u00e4 tuloksia, kun halutaan tukea henkil\u00f6st\u00f6n ty\u00f6- ja suorituskyky\u00e4 ja antamaan ty\u00f6ntekij\u00f6ille ainutlaatuinen mahdollisuus ottaa askelia kohti syvemp\u00e4\u00e4 kehon ja mielen hyvinvointia.<\/p>\n<p data-start=\"933\" data-end=\"991\" style=\"text-align: center;\">&#8211; Tuki stressiin, unih\u00e4iri\u00f6ihin, uupumukseen, ahdistukseen<\/p>\n<p data-start=\"994\" data-end=\"1042\" style=\"text-align: center;\">&#8211; Palauttaa, selkeytt\u00e4\u00e4, keveytt\u00e4\u00e4 ja tuo toimintakyky\u00e4<\/p>\n<p data-start=\"1045\" data-end=\"1100\" style=\"text-align: center;\">&#8211; 1\u20133 tapaamiskertaa riitt\u00e4\u00e4 usein selkeisiin hy\u00f6tyihin<\/p>\n<p data-start=\"1103\" data-end=\"1161\" style=\"text-align: center;\">&#8211; Arvokas ja vaikuttava panostus ty\u00f6ntekij\u00e4n hyvinvointiin<\/p>\n<p data-start=\"1103\" data-end=\"1161\" style=\"text-align: center;\">&#8211; Toteutus Breathingmanin tiloissa (Tampere), yrityksesi tiloissa tai online!<\/p>\n<p data-start=\"1247\" data-end=\"1397\">\n<p style=\"text-align: center;\"><strong><\/strong><\/p>\n<p style=\"text-align: center;\">\n<p style=\"text-align: center;\"><span style=\"color: #000000;\"><strong><\/strong><\/span><\/p>\n<p style=\"text-align: center;\">\n<p style=\"text-align: center;\">\n<p style=\"text-align: center;\"><strong><span style=\"color: #000000;\"><em><\/em><\/span><\/strong><\/p>\n<p style=\"text-align: center;\"><span style=\"color: #000000;\"><\/span><\/p>\n<p style=\"color: #000000; text-align: center;\">\n<p>[\/et_pb_text][\/et_pb_column][et_pb_column type=&#8221;1_2&#8243; _builder_version=&#8221;4.16&#8243; custom_padding=&#8221;|||&#8221; global_colors_info=&#8221;{}&#8221; custom_padding__hover=&#8221;|||&#8221;][et_pb_testimonial portrait_url=&#8221;https:\/\/breathingman.fi\/wp-content\/uploads\/2024\/02\/Kiitos.jpg&#8221; _builder_version=&#8221;4.24.0&#8243; _module_preset=&#8221;default&#8221; global_colors_info=&#8221;{}&#8221;]<\/p>\n<p style=\"text-align: center;\"><strong>Referenssej\u00e4: <\/strong><\/p>\n<p style=\"text-align: center;\"><strong>Kempower Oyj, Sinebrychoff Oy, Softlandia Oy, <\/strong><strong>NREP Oy,<\/strong><strong> Mentoritiimi Oy, Mediamaestro Oy, Fysios Mehil\u00e4inen Oy, Contriber Ltd, Jounin Kauppa Oy, Pihlajalinna Oyj (Forever-ketju), ALSO Finland Oy, Unikulma Oy, nonono.io, Pirkanmaan Laatuv\u00e4litys Oy, Ammattiliitto Pro, Tampereen Tekninen yliopisto, Treen ammattikorkeakoulu, Tampereen kaupunki, Yl\u00f6j\u00e4rven kaupunki<\/strong><\/p>\n<p>[\/et_pb_testimonial][et_pb_testimonial author=&#8221;Harri Gustafsberg FT, HTM, Mentoritiimi Oy&#8221; portrait_url=&#8221;https:\/\/breathingman.fi\/wp-content\/uploads\/2024\/02\/Harri.jpg&#8221; _builder_version=&#8221;4.24.0&#8243; _module_preset=&#8221;default&#8221; border_radii_portrait=&#8221;off|90px|90px|90px|90px&#8221; global_colors_info=&#8221;{}&#8221;]<\/p>\n<p>Hektinen ty\u00f6, joka on kiireist\u00e4 ja sirpaleista, kuormittaa ihmist\u00e4 kognitiivisesti ja est\u00e4\u00e4 palautumisen mekanismien aktivoitumisen. Breathingman hengitysvalmennukset tuovat nopeita ja tehokkaita harjoitteita, joilla ihmiset pystyv\u00e4t parantamaan kognitiivista suorituskyky\u00e4 ja aktivoimaan palautumisen mekanismia, jotta ty\u00f6st\u00e4 ei tulisi liian kuormittavaa.<\/p>\n<p>[\/et_pb_testimonial][et_pb_testimonial author=&#8221;Sami Rantalainen, toimitusjohtaja, Mediamaestro Oy&#8221; portrait_url=&#8221;https:\/\/breathingman.fi\/wp-content\/uploads\/2024\/02\/Sami-Rantalainen.jpg&#8221; _builder_version=&#8221;4.24.2&#8243; _module_preset=&#8221;default&#8221; global_colors_info=&#8221;{}&#8221;]<\/p>\n<p>Kuulin Breathingmanista puskaradion kautta. Kokelimme hengitysharjoitusta johtoryhm\u00e4mme strategiap\u00e4iv\u00e4n yhteydess\u00e4 silkasta uteliaisuudesta. Arttu kuljetti meid\u00e4t ammattimaisesti ja turvallisesti l\u00e4pi meille uudenlaisen matkan; kuinka v\u00e4h\u00e4n tiesimmek\u00e4\u00e4n niinkin t\u00e4rke\u00e4st\u00e4 asiasta kuin hengitt\u00e4misest\u00e4 ja millainen vaikutus eri tekniikoilla voi olla.<\/p>\n<p>K\u00e4yt\u00e4nn\u00f6n harjoitukset olivat juuri niin vaikuttavia yll\u00e4tt\u00e4vi\u00e4kin, kuin mit\u00e4 olin kuullut. P\u00e4\u00e4llimm\u00e4isen\u00e4 tuntemuksena harjoitusten j\u00e4lkeen johtoryhm\u00e4ll\u00e4 oli h\u00e4mmentynyt ja vaikuttunut \u201dVAU!\u201d.<\/p>\n<p>Arttu osasi jakaa ja palastella valtavaa tietotaitoansa ymm\u00e4rrett\u00e4v\u00e4ksi ja tiivistetyksi paketiksi. Kokemus oli niin mielenkiintoinen ja toimiva, ett\u00e4 tilasimme samankaltaisen setin my\u00f6s henkil\u00f6st\u00f6llemme kes\u00e4p\u00e4ivien yhteyteen. Paketti toimi yht\u00e4 timantisti my\u00f6s reilun 30 henkil\u00f6n kanssa. Henkil\u00f6st\u00f6 piti setist\u00e4 suuresti ja se on j\u00e4\u00e4nyt mieleen yhteisen\u00e4 el\u00e4myksen\u00e4 ja positiivisena kokemuksena. Annettujen kirjallisten ohjeiden avulla meill\u00e4 on ollut mahdollisuus palata tekniikoihin ja ottaa niit\u00e4 osaksi arkea. Tuo onkin kaikkein haastavinta.<\/p>\n<p>Suosittelen l\u00e4mpim\u00e4sti Breathingmania esim. yrityksen johdon, tiimin tai tai henkil\u00f6st\u00f6n tapahtumiin tai tilaisuuksiin. Artun kanssa ty\u00f6skentely on ollut todella helppoa ja joustavaa. H\u00e4n tekee tarinallaan ja persoonallaan l\u00e4htem\u00e4tt\u00f6m\u00e4n vaikutuksen.<\/p>\n<p>Harvoin tulee annettua n\u00e4in ylitsevuotavan positiivista palautetta, mutta Breathingman on uniikki. Suosittelen kokeilemaan.<\/p>\n<p>[\/et_pb_testimonial][\/et_pb_column][\/et_pb_row][et_pb_row _builder_version=&#8221;4.24.0&#8243; _module_preset=&#8221;default&#8221; global_colors_info=&#8221;{}&#8221;][et_pb_column type=&#8221;4_4&#8243; _builder_version=&#8221;4.24.0&#8243; _module_preset=&#8221;default&#8221; global_colors_info=&#8221;{}&#8221;][et_pb_text _builder_version=&#8221;4.24.0&#8243; _module_preset=&#8221;default&#8221; global_colors_info=&#8221;{}&#8221;][\/et_pb_text][\/et_pb_column][\/et_pb_row][et_pb_row column_structure=&#8221;1_2,1_2&#8243; _builder_version=&#8221;4.16&#8243; background_color=&#8221;rgba(255,255,255,0.78)&#8221; custom_margin=&#8221;0px|auto||auto||&#8221; custom_padding=&#8221;48px|||||&#8221; global_colors_info=&#8221;{}&#8221;][et_pb_column type=&#8221;1_2&#8243; _builder_version=&#8221;4.16&#8243; custom_padding=&#8221;|||&#8221; global_colors_info=&#8221;{}&#8221; custom_padding__hover=&#8221;|||&#8221;][et_pb_image src=&#8221;https:\/\/breathingman.fi\/wp-content\/uploads\/2021\/11\/arttu_breathingman-20-scaled.jpg&#8221; title_text=&#8221;arttu_breathingman-20&#8243; _builder_version=&#8221;4.16&#8243; global_colors_info=&#8221;{}&#8221;][\/et_pb_image][et_pb_blurb image=&#8221;https:\/\/breathingman.fi\/wp-content\/uploads\/2024\/02\/IMG_9101.jpg&#8221; _builder_version=&#8221;4.24.2&#8243; _module_preset=&#8221;default&#8221; background_enable_image=&#8221;off&#8221; global_colors_info=&#8221;{}&#8221;][\/et_pb_blurb][\/et_pb_column][et_pb_column type=&#8221;1_2&#8243; _builder_version=&#8221;4.16&#8243; custom_padding=&#8221;|||&#8221; global_colors_info=&#8221;{}&#8221; custom_padding__hover=&#8221;|||&#8221;][et_pb_text _builder_version=&#8221;4.16&#8243; text_font=&#8221;||||||||&#8221; text_text_color=&#8221;#000000&#8243; global_colors_info=&#8221;{}&#8221;]<\/p>\n<p style=\"text-align: center;\">\n<p style=\"text-align: center;\">\n<p style=\"text-align: center;\">\u00a0<strong><\/strong><\/p>\n<p style=\"text-align: center;\">\n<p style=\"text-align: center;\">\n<p style=\"text-align: center;\">\n<p style=\"text-align: center;\"><strong><\/strong><\/p>\n<p style=\"text-align: center;\">\n<p style=\"text-align: center;\">\n<div class=\"\" dir=\"auto\" style=\"text-align: center;\">\n<div class=\"x1iorvi4 x1pi30zi x1l90r2v x1swvt13\" data-ad-comet-preview=\"message\" data-ad-preview=\"message\" id=\":r5m:\">\n<div class=\"x78zum5 xdt5ytf xz62fqu x16ldp7u\">\n<div class=\"xu06os2 x1ok221b\">\n<div class=\"x11i5rnm xat24cr x1mh8g0r x1vvkbs xtlvy1s x126k92a\">\n<div dir=\"auto\" style=\"text-align: start;\"><\/div>\n<\/div>\n<\/div>\n<\/div>\n<\/div>\n<\/div>\n<p style=\"text-align: center;\">\n<p style=\"text-align: center;\">\n<p style=\"text-align: center;\">\n<p style=\"text-align: center;\">\n<p style=\"text-align: center;\">\n<p style=\"text-align: center;\">\n<p style=\"text-align: center;\">\n<p style=\"text-align: center;\"><strong><\/strong><\/p>\n<p style=\"text-align: center;\">\n<p style=\"text-align: center;\">\n<p>[\/et_pb_text][\/et_pb_column][\/et_pb_row][\/et_pb_section]<\/p>\n","protected":false},"excerpt":{"rendered":"<p>&nbsp; YRITYSTEN VALMENNUKSET &nbsp; 1. Hengityksen Tehokurssi (1\u20133 tuntia) Helppo, vaikuttava ja el\u00e4myksellinen valmennus, joka sopii kaikille. Yksil\u00f6llisesti r\u00e4\u00e4t\u00e4l\u00f6idyt hengitystekniikat parantavat unta, keskittymist\u00e4, vireystilaa ja auttavat stressinhallinnassa. &#8211; Terveytt\u00e4 ja hyvinvointia tukeva hengitys &#8211; Breathingman ABBA -metodi &#8211; Hengitystekniikat arjen painetilanteisiin &#8211; Yksil\u00f6llinen palauttava hengitysrytmi jokaiselle &#8211; Harjoitteluohjeet tulosteina ja videoina. &#8211; Johdolle yhteenveto palautteista [&hellip;]<\/p>\n","protected":false},"author":1,"featured_media":0,"parent":0,"menu_order":0,"comment_status":"closed","ping_status":"closed","template":"","meta":{"_et_pb_use_builder":"on","_et_pb_old_content":"","_et_gb_content_width":"","footnotes":""},"class_list":["post-23381","page","type-page","status-publish","hentry"],"_links":{"self":[{"href":"https:\/\/breathingman.fi\/index.php?rest_route=\/wp\/v2\/pages\/23381","targetHints":{"allow":["GET"]}}],"collection":[{"href":"https:\/\/breathingman.fi\/index.php?rest_route=\/wp\/v2\/pages"}],"about":[{"href":"https:\/\/breathingman.fi\/index.php?rest_route=\/wp\/v2\/types\/page"}],"author":[{"embeddable":true,"href":"https:\/\/breathingman.fi\/index.php?rest_route=\/wp\/v2\/users\/1"}],"replies":[{"embeddable":true,"href":"https:\/\/breathingman.fi\/index.php?rest_route=%2Fwp%2Fv2%2Fcomments&post=23381"}],"version-history":[{"count":98,"href":"https:\/\/breathingman.fi\/index.php?rest_route=\/wp\/v2\/pages\/23381\/revisions"}],"predecessor-version":[{"id":46112,"href":"https:\/\/breathingman.fi\/index.php?rest_route=\/wp\/v2\/pages\/23381\/revisions\/46112"}],"wp:attachment":[{"href":"https:\/\/breathingman.fi\/index.php?rest_route=%2Fwp%2Fv2%2Fmedia&parent=23381"}],"curies":[{"name":"wp","href":"https:\/\/api.w.org\/{rel}","templated":true}]}}