{"id":23017,"date":"2019-05-14T06:18:56","date_gmt":"2019-05-14T03:18:56","guid":{"rendered":"https:\/\/mytestsitejt.fi\/demo4\/?page_id=23017"},"modified":"2026-04-11T15:34:14","modified_gmt":"2026-04-11T12:34:14","slug":"tapahtumat","status":"publish","type":"page","link":"https:\/\/breathingman.fi\/?page_id=23017","title":{"rendered":"Henkil\u00f6asiakkaat"},"content":{"rendered":"<p>[et_pb_section fb_built=&#8221;1&#8243; _builder_version=&#8221;4.24.1&#8243; background_color=&#8221;#0c71c3&#8243; background_image=&#8221;https:\/\/breathingman.fi\/wp-content\/uploads\/2021\/11\/image01-scaled.jpeg&#8221; background_blend=&#8221;darken&#8221; min_height=&#8221;598px&#8221; custom_padding=&#8221;435px||0px|||&#8221; global_colors_info=&#8221;{}&#8221;][et_pb_row _builder_version=&#8221;4.16&#8243; global_colors_info=&#8221;{}&#8221;][et_pb_column type=&#8221;4_4&#8243; _builder_version=&#8221;4.16&#8243; custom_padding=&#8221;|||&#8221; global_colors_info=&#8221;{}&#8221; custom_padding__hover=&#8221;|||&#8221;][et_pb_button button_url=&#8221;https:\/\/www.facebook.com\/breathingman.fi\/events&#8221; button_text=&#8221;TULEVAT TAPAHTUMAT&#8221; button_alignment=&#8221;center&#8221; _builder_version=&#8221;4.24.1&#8243; custom_button=&#8221;on&#8221; button_text_size=&#8221;36px&#8221; button_text_color=&#8221;#ffffff&#8221; button_bg_color=&#8221;#032B35&#8243; button_font=&#8221;||||||||&#8221; transform_scale=&#8221;93%|93%&#8221; custom_margin=&#8221;||0px||false|false&#8221; global_colors_info=&#8221;{}&#8221;][\/et_pb_button][et_pb_text _builder_version=&#8221;4.16&#8243; header_font=&#8221;|600|||||||&#8221; header_text_color=&#8221;#ffffff&#8221; global_colors_info=&#8221;{}&#8221;]<\/p>\n<p>&nbsp;<\/p>\n<p>&nbsp;<\/p>\n<p>[\/et_pb_text][\/et_pb_column][\/et_pb_row][\/et_pb_section][et_pb_section fb_built=&#8221;1&#8243; _builder_version=&#8221;4.24.1&#8243; _module_preset=&#8221;default&#8221; background_color=&#8221;#032B35&#8243; min_height=&#8221;697px&#8221; global_colors_info=&#8221;{}&#8221;][et_pb_row column_structure=&#8221;1_2,1_2&#8243; _builder_version=&#8221;4.16&#8243; background_color=&#8221;rgba(255,255,255,0.78)&#8221; min_height=&#8221;2316.1px&#8221; custom_margin=&#8221;0px|auto||auto||&#8221; custom_padding=&#8221;48px|||||&#8221; global_colors_info=&#8221;{}&#8221;][et_pb_column type=&#8221;1_2&#8243; _builder_version=&#8221;4.16&#8243; custom_padding=&#8221;|||&#8221; global_colors_info=&#8221;{}&#8221; custom_padding__hover=&#8221;|||&#8221;][et_pb_image src=&#8221;https:\/\/breathingman.fi\/wp-content\/uploads\/2021\/11\/arttu_breathingman-20-scaled.jpg&#8221; title_text=&#8221;arttu_breathingman-20&#8243; _builder_version=&#8221;4.16&#8243; global_colors_info=&#8221;{}&#8221;][\/et_pb_image][\/et_pb_column][et_pb_column type=&#8221;1_2&#8243; _builder_version=&#8221;4.16&#8243; custom_padding=&#8221;|||&#8221; global_colors_info=&#8221;{}&#8221; custom_padding__hover=&#8221;|||&#8221;][et_pb_text _builder_version=&#8221;4.24.1&#8243; text_font=&#8221;||||||||&#8221; text_text_color=&#8221;#000000&#8243; width=&#8221;98.5%&#8221; custom_padding=&#8221;||0px|||&#8221; global_colors_info=&#8221;{}&#8221;]<\/p>\n<h1 style=\"text-align: center;\"><\/h1>\n<p>&nbsp;<\/p>\n<h1 style=\"text-align: center;\">YKSIL\u00d6VALMENNUS<span style=\"font-size: 16px;\"><\/span><\/h1>\n<p style=\"text-align: center;\"><strong><\/strong><\/p>\n<p style=\"text-align: center;\"><strong>Varaa maksuton 15 min kartoituspuhelu viestill\u00e4: 040-5902869\/Arttu<\/strong><\/p>\n<p style=\"text-align: center;\"><strong><\/strong><\/p>\n<p style=\"text-align: center;\"><strong>1) BREATHINGMAN HENGITYS, STRESSI &amp; HERMOSTO\u00a0<\/strong><\/p>\n<p style=\"text-align: center;\">\n<p style=\"text-align: center;\">T\u00e4m\u00e4 valmennus on sinulle, joka haluat ottaa hengityksesi haltuun ja rauhoittaa hermostoasi arjessa ty\u00f6ss\u00e4 ja unessa.Tehd\u00e4\u00e4n yksil\u00f6llinen kartoitus hengityksesi tilasta ja rakennetaan selke\u00e4 polku eteenp\u00e4in. Sevit\u00e4mme yhdess\u00e4 stressireaktiosi juurisyyt ja l\u00f6yd\u00e4mme yksil\u00f6lliset keinot vaikuttaa juuri sinun kehoon, mieleen ja palautumiseen.<\/p>\n<p style=\"text-align: center;\">Valmennus sopii sinulle, jos koet hengityksesi pinnalliseksi, j\u00e4nnittyneeksi tai\u00a0 ty\u00f6l\u00e4\u00e4ksi arjessa tai liikunnassa tai jos stressi, v\u00e4symys, aivosumu, ahdistus, huono uni tai kuorsaus kuormittaa arkeasi. Uniapneasta tai astmasta k\u00e4rsiville hengitysvalmennus on elint\u00e4rke\u00e4 osa hyvinvoivaa tulevaisuutta. Sopii my\u00f6s kun haluat optimoida ja ehitt\u00e4\u00e4 hengitysj\u00e4rjestelm\u00e4si tukemaan terveytt\u00e4si ja suorituskyky\u00e4si<\/p>\n<p style=\"text-align: center;\">\n<p style=\"text-align: center;\">&#8211; Ensimm\u00e4inen tapaaminen 2 tuntia sis\u00e4lt\u00e4en kartoituksen ja testit, jatkok\u00e4ynnit n. 1,5 h<\/p>\n<p style=\"text-align: center;\">&#8211; Whatsapp yhteys Artun kanssa valmennustapaamisten v\u00e4lill\u00e4<\/p>\n<p style=\"text-align: center;\">&#8211; Ohjeita tai videomateriaaleja kehittymisesi mukaan<\/p>\n<p style=\"text-align: center;\"><strong data-start=\"797\" data-end=\"826\"><\/strong><\/p>\n<p style=\"text-align: center;\"><strong data-start=\"797\" data-end=\"826\">Hinnat:<\/strong><br data-start=\"826\" data-end=\"829\" \/>1 Yksil\u00f6valmennus (2h) <strong>190 \u20ac<\/strong><\/p>\n<p style=\"text-align: center;\">3 kerran tehovalmennus (2h + 2 * 1,5h) <strong>450 \u20ac\u00a0<\/strong><\/p>\n<p style=\"text-align: center;\">Jatkok\u00e4ynnit (1,5 h) <strong>120 \u20ac<\/strong> \/kerta<\/p>\n<p style=\"text-align: center;\">\n<p style=\"text-align: center;\"><strong>Varaa maksuton 15 minuutin kartoituspuhelu viestill\u00e4:<\/strong>\u00a0<em><strong>040-5902869\/Arttu tai arttu.lipsonen at gmail.com<\/strong><\/em><\/p>\n<p style=\"text-align: center;\"><em><\/em><\/p>\n<p style=\"text-align: center;\"><em>Valmennuksen toteutus k\u00e4tev\u00e4sti verkossa tai Artun vastaanotolla Tampereen Pyynikill\u00e4 <\/em>\ud83d\udccc Lue asiakkaiden kokemuksia: <a href=\"https:\/\/breathingman.fi\/?page_id=45810\"><strong>T\u00c4ST\u00c4<\/strong><\/a><\/p>\n<p style=\"text-align: center;\"><strong><\/strong><\/p>\n<p style=\"text-align: center;\"><strong><\/strong><\/p>\n<p style=\"text-align: center;\"><strong>2) BREATHINGMAN ALCHEMY KOKONAISVALTAINEN VALMENNUS <\/strong><\/p>\n<p style=\"text-align: center;\"><strong>3-10 valmennustapaamista<\/strong><\/p>\n<p style=\"text-align: center;\">Alchemy on yksil\u00f6llinen syv\u00e4valmennus sinulle, joka et kaipaa vain parempaa hengityst\u00e4 ja stressinhallintaa &#8211; vaan todellista muutosta siihen, miten el\u00e4t suhteessa kehon, hengityksen, itsesi ja el\u00e4m\u00e4n kanssa. Haluat avata lukkoja ja ja poistaa esteit\u00e4 onnellisen el\u00e4m\u00e4n ja kokonaisvaltaisen hyvinvoinnin tielt\u00e4. Valmennus yhdist\u00e4\u00e4 uniikilla tavalla hengityksen, kehon fysiologian, mielen taidot ja syvemm\u00e4n itsetutkiskelun ratkaisukeskeisell\u00e4 tavalla kokonaisuudeksi, joka menee syv\u00e4lle ja vaikuttaa oikeasti. Prosessi on syv\u00e4sti oivalluttava ja vapauttava, kun kaikki alkaa virrata paremmin.<\/p>\n<p style=\"text-align: center;\">T\u00e4m\u00e4 valmennus on sinulle, joka kaipaat syvemp\u00e4\u00e4 selkeytt\u00e4 ja vapautta \u2013 oli l\u00e4ht\u00f6kohtasi sitten pitk\u00e4aikainen stressi, el\u00e4m\u00e4nhallinnan vaikeudet, kehollisiset oireet, sis\u00e4inen kaoottisuus tai vain halu kasvaa ja kirkastaa suuntaa el\u00e4m\u00e4ss\u00e4. Asiakkaat kuvaavat prosessia usein yll\u00e4tt\u00e4v\u00e4n nopeaksi ja syv\u00e4ll\u00e4 tasolla vapauttavaksi ja moni kokee prosessin tulokselliseksi tilanteissa, joissa pelkk\u00e4 puhuminen tai aiemmat l\u00e4hestymistavat eiv\u00e4t ole riitt\u00e4neet.<\/p>\n<p style=\"text-align: center;\"><em>Kun hengitys ja hermosto saadaan parempaan tasapainoon, aukeaa tie syvemm\u00e4lle ja tulokselliselle itsen kanssa ty\u00f6skentelylle ja positiivisille el\u00e4m\u00e4nmuutoksille.\u00a0\u00a0<\/em><\/p>\n<p style=\"text-align: center;\">\n<p style=\"text-align: center;\">&#8211; Ensimm\u00e4inen tapaaminen kest\u00e4\u00e4 2 tuntia sis\u00e4lt\u00e4en kartoituksen ja testit, jatkok\u00e4ynnit ovat kestoltaan n. 1,5 h<\/p>\n<p style=\"text-align: center;\">&#8211; Olet Whatsapp yhteydess\u00e4 Artun kanssa valmennustapaamisten v\u00e4lill\u00e4<\/p>\n<p style=\"text-align: center;\">&#8211; Saat ohjeita tai videomateriaaleja kehittymisesi mukaan<\/p>\n<p style=\"text-align: center;\"><strong data-start=\"797\" data-end=\"826\"><\/strong><\/p>\n<p style=\"text-align: center;\"><strong data-start=\"797\" data-end=\"826\">Hinnat:<\/strong><br data-start=\"826\" data-end=\"829\" \/>1 Yksil\u00f6valmennus (2h) <strong>190 \u20ac<\/strong><\/p>\n<p style=\"text-align: center;\">3 kerran tehovalmennus (2h + 2 * 1,5h) <strong>450 \u20ac\u00a0<\/strong><\/p>\n<p style=\"text-align: center;\">Jatkok\u00e4ynnit (1,5 h) <strong>120 \u20ac<\/strong> \/kerta<\/p>\n<p style=\"text-align: center;\"><strong>Varaa maksuton 15 minuutin kartoituspuhelu viestill\u00e4:<\/strong>\u00a0<em><strong>040-5902869\/Arttu tai arttu.lipsonen at gmail.com<\/strong><\/em><\/p>\n<p style=\"text-align: center;\"><em><\/em><\/p>\n<p style=\"text-align: center;\"><em>Valmennuksen toteutus k\u00e4tev\u00e4sti verkossa tai Artun vastaanotolla Tampereen Pyynikill\u00e4 <\/em>\ud83d\udccc Lue asiakkaiden kokemuksia: <a href=\"https:\/\/breathingman.fi\/?page_id=45810\"><strong>T\u00c4ST\u00c4<\/strong><\/a><\/p>\n<p style=\"text-align: center;\"><strong><\/strong><\/p>\n<p style=\"text-align: center;\"><strong><\/strong><\/p>\n<p style=\"text-align: center;\">\n<p>&nbsp;<\/p>\n<p style=\"text-align: center;\"><strong><\/strong><\/p>\n<p style=\"text-align: center;\"><strong><\/strong><\/p>\n<p><strong><\/strong><\/p>\n<p><strong><\/strong><\/p>\n<p style=\"text-align: center;\">\n<p data-start=\"833\" data-end=\"927\" style=\"text-align: center;\"><strong><\/strong><\/p>\n<p style=\"text-align: center;\"><em><strong><\/strong><\/em><\/p>\n<ul data-start=\"1627\" data-end=\"1725\">\n<li data-start=\"1627\" data-end=\"1679\" style=\"list-style-type: none; text-align: center;\"><em><strong><\/strong><\/em><\/li>\n<li data-start=\"1627\" data-end=\"1679\" style=\"list-style-type: none; text-align: center;\"><em><strong><\/strong><\/em><\/li>\n<\/ul>\n<p data-start=\"797\" data-end=\"895\" style=\"text-align: center;\"><em><strong><\/strong><\/em><\/p>\n<p style=\"text-align: center;\"><strong><\/strong><\/p>\n<p style=\"text-align: center;\"><strong><\/strong><\/p>\n<p style=\"text-align: center;\">\n<p style=\"text-align: center;\">\n<p>[\/et_pb_text][\/et_pb_column][\/et_pb_row][et_pb_row _builder_version=&#8221;4.24.1&#8243; _module_preset=&#8221;default&#8221; global_colors_info=&#8221;{}&#8221;][et_pb_column type=&#8221;4_4&#8243; _builder_version=&#8221;4.21.0&#8243; _module_preset=&#8221;default&#8221; global_colors_info=&#8221;{}&#8221;][\/et_pb_column][\/et_pb_row][\/et_pb_section][et_pb_section fb_built=&#8221;1&#8243; _builder_version=&#8221;4.24.1&#8243; _module_preset=&#8221;default&#8221; background_color=&#8221;#032B35&#8243; global_colors_info=&#8221;{}&#8221;][et_pb_row _builder_version=&#8221;4.16&#8243; background_color=&#8221;rgba(255,255,255,0.78)&#8221; min_height=&#8221;969.9px&#8221; custom_margin=&#8221;|auto|0px|auto||&#8221; custom_padding=&#8221;||40px|||&#8221; global_colors_info=&#8221;{}&#8221;][et_pb_column type=&#8221;4_4&#8243; _builder_version=&#8221;4.16&#8243; custom_padding=&#8221;|||&#8221; global_colors_info=&#8221;{}&#8221; custom_padding__hover=&#8221;|||&#8221;][et_pb_text _builder_version=&#8221;4.24.0&#8243; text_font=&#8221;||||||||&#8221; text_text_color=&#8221;#000000&#8243; min_height=&#8221;448.4px&#8221; custom_padding=&#8221;||0px|||&#8221; global_colors_info=&#8221;{}&#8221;]<\/p>\n<p>&nbsp;<\/p>\n<h2 data-start=\"121\" data-end=\"157\" style=\"text-align: center;\">BREATHINGMAN TAPAHTUMAT<\/h2>\n<p data-start=\"159\" data-end=\"526\" style=\"text-align: center;\"><strong data-start=\"159\" data-end=\"321\"><\/strong><\/p>\n<p data-start=\"159\" data-end=\"526\" style=\"text-align: center;\"><strong data-start=\"159\" data-end=\"321\">Breathingman tapahtumat tarjoavat sinulle ainutlaatuisen kokemuksen syv\u00e4st\u00e4 rentoutumisesta, levollisesta l\u00e4sn\u00e4olosta ja k\u00e4yt\u00e4nn\u00f6nl\u00e4heisest\u00e4 hengitystiedosta.<\/strong> N\u00e4iss\u00e4 tapahtumissa et pelk\u00e4st\u00e4\u00e4n opi toimivimpia ja tutkituimpia hengitystekniikoita \u2013 t\u00e4rkeint\u00e4 on, ett\u00e4 opit selke\u00e4t askeleet, joiden avulla opit voimaan paremmin juuri sinun omassa arjessasi.<\/p>\n<p data-start=\"528\" data-end=\"841\" style=\"text-align: center;\">Tapahtumat ovat ker\u00e4nneet vuodesta toiseen <a href=\"https:\/\/breathingman.fi\/?page_id=45810\">huippupalautteita<\/a> \u2013 kiitosta saa erityisesti selke\u00e4 ohjaus, yksinkertaiset opit, syv\u00e4 rauhan kokemus sek\u00e4 se, ett\u00e4 opitut asiat todella j\u00e4\u00e4v\u00e4t k\u00e4ytt\u00f6\u00f6n. Jokaisessa tapahtumassa ohjaan sinut turvallisesti el\u00e4mykseen, joka vie rentoutumisesi ja itseymm\u00e4rryksesi lempe\u00e4sti uudelle tasolle.<\/p>\n<h3 data-start=\"843\" data-end=\"900\" style=\"text-align: center;\"><\/h3>\n<h3 data-start=\"843\" data-end=\"900\" style=\"text-align: center;\"><\/h3>\n<h3 data-start=\"843\" data-end=\"900\" style=\"text-align: center;\">Tapahtumia j\u00e4rjestet\u00e4\u00e4n eri puolilla Suomea<\/h3>\n<h3 data-start=\"843\" data-end=\"900\" style=\"text-align: center;\">hyvinvointikeskuksissa, joogakouluilla ja erilaisissa Wellness-tapahtumissa<\/h3>\n<h3 data-start=\"843\" data-end=\"900\" style=\"text-align: center;\">Katso tulevat tapahtumat <a href=\"https:\/\/www.facebook.com\/breathingman.fi\/events\"><span style=\"text-decoration: underline;\">T\u00e4st\u00e4<\/span>.<\/a><\/h3>\n<h3 data-start=\"843\" data-end=\"900\" style=\"text-align: center;\"><\/h3>\n<h3 data-start=\"843\" data-end=\"900\" style=\"text-align: center;\"><\/h3>\n<h3 data-start=\"843\" data-end=\"900\" style=\"text-align: center;\"><\/h3>\n<h3 data-start=\"843\" data-end=\"900\" style=\"text-align: center;\">Tapahtumavaihtoehdot<\/h3>\n<p>&nbsp;<\/p>\n<h4 data-start=\"1065\" data-end=\"1121\" style=\"text-align: center;\">1. <strong data-start=\"1072\" data-end=\"1119\">Breathingman \u2013 Hengityksen Tehokurssi (3 h)<\/strong><\/h4>\n<p style=\"text-align: center;\">Syv\u00e4 rauhan kokemus ja kokonaisvaltainen johdanto hengityksen maailmaan. Kurssilla opit mm. stressi\u00e4 lievitt\u00e4v\u00e4t, unta ja palautumista ja terveytt\u00e4 tukevat hengitysty\u00f6kalut, tieteellisesti tutkittuja menetelmi\u00e4 ja saat selke\u00e4n ymm\u00e4rryksen, miten oma hengityksesi toimii \u2013 ja askeleet miten sit\u00e4 voi parantaa.<\/p>\n<h4 data-start=\"1371\" data-end=\"1427\" style=\"text-align: center;\">2. <strong data-start=\"1378\" data-end=\"1425\">Breathingman \u2013 Rento Mieli &amp; Hengitys (3 h)<\/strong><\/h4>\n<p data-start=\"1428\" data-end=\"1669\" style=\"text-align: center;\">Yhdistelm\u00e4ty\u00f6paja, jossa hengityksen ja mielen hallinnan ty\u00f6kalut muodostavat k\u00e4yt\u00e4nn\u00f6llisen ja vaikuttavan kokonaisuuden. Soveltuu erityisesti sinulle, joka haluat hengitysopin lis\u00e4ksi, rennompaa arkea, selkeytt\u00e4 ja hallinnan tuntua el\u00e4m\u00e4\u00e4n ja parempaa stressinhallintaa. Tieteellisesti tutkittu stressinhallintametodi.<\/p>\n<h4 data-start=\"1671\" data-end=\"1734\" style=\"text-align: center;\">3. <strong data-start=\"1678\" data-end=\"1732\">Breathingman \u2013 Hengitys &amp; Hyv\u00e4ksyv\u00e4 L\u00e4sn\u00e4olo (3 h)<\/strong><\/h4>\n<p data-start=\"1735\" data-end=\"1963\" style=\"text-align: center;\">Kaunis, syv\u00e4 ja rauhoittava ty\u00f6paja, jossa tutustutaan hengityksen ja hyv\u00e4ksyv\u00e4n l\u00e4sn\u00e4olon yhteyteen. Opit yksinkertaisia, mutta syv\u00e4sti vaikuttavia ty\u00f6kaluja, joiden avulla voit kohdata el\u00e4m\u00e4\u00e4 sallivammin, kevyemmin ja rakastavammin. Joka p\u00e4iv\u00e4.<\/p>\n<h4 data-start=\"1671\" data-end=\"1734\" style=\"text-align: center;\">4. <strong data-start=\"1678\" data-end=\"1732\">Breathingman \u2013 Hengityksen uudelleenohjelmointi (3 h)<\/strong><\/h4>\n<p data-start=\"1735\" data-end=\"1963\" style=\"text-align: center;\">T\u00e4m\u00e4 ty\u00f6paja on sinulle, jolle joka haluat harjoittaa hengityst\u00e4si ja treenata hengityksesi taso syv\u00e4sti hyvinvointia edist\u00e4v\u00e4lle tasolle. Hengityksen tason mittaus, Hengityksen biomekaniikka ja biokemia, CO2 toleranssin merkitys terveydelle, hyvinvoinnille ja suorituskyvylle ja harjoitteet CO2 toleranssin kehitt\u00e4miseen istuen ja liikunnassa. Parempi hengitys 24\/7, uni, rauhallisempi hermosto, uutta valpasta energiaa ja kevyemp\u00e4\u00e4 oloa liikunnassa ja levossa &#8211; mitattavasti.\u00a0<\/p>\n<h3 data-start=\"843\" data-end=\"900\" style=\"text-align: center;\"><\/h3>\n<h3 data-start=\"843\" data-end=\"900\" style=\"text-align: center;\"><\/h3>\n<h3 data-start=\"843\" data-end=\"900\" style=\"text-align: center;\"><\/h3>\n<h3 data-start=\"843\" data-end=\"900\" style=\"text-align: center;\">Haluatko j\u00e4rjest\u00e4\u00e4 Breathingman tapahtuman omalla paikkakunnallasi?<\/h3>\n<p>&nbsp;<\/p>\n<p data-start=\"2042\" data-end=\"2186\" style=\"text-align: center;\">Omistatko joogastudion, hyvinvointikeskuksen tai haluat vai ker\u00e4t\u00e4 porukan hengitt\u00e4m\u00e4\u00e4n ja kokemaan Breathingmanin kanssa?<\/p>\n<p data-start=\"2188\" data-end=\"2214\" style=\"text-align: center;\"><strong data-start=\"2188\" data-end=\"2214\">N\u00e4in yhteisty\u00f6 toimii:<\/strong><\/p>\n<ul data-start=\"2216\" data-end=\"2525\" style=\"text-align: center;\">\n<li data-start=\"2216\" data-end=\"2289\">\n<p data-start=\"2218\" data-end=\"2289\"><strong data-start=\"2218\" data-end=\"2289\">Sin\u00e4 vastaat tapahtuman myynnist\u00e4, tilasta ja asiakaslaskutuksesta.<\/strong><\/p>\n<\/li>\n<li data-start=\"2290\" data-end=\"2392\">\n<p data-start=\"2292\" data-end=\"2392\"><strong data-start=\"2292\" data-end=\"2392\">Min\u00e4 vastaan sis\u00e4ll\u00f6st\u00e4 ja ohjauksesta sek\u00e4 toimitan kaiken tarvittavan markkinointimateriaalin.<\/strong><\/p>\n<\/li>\n<li data-start=\"2393\" data-end=\"2464\">\n<p data-start=\"2395\" data-end=\"2464\"><strong data-start=\"2395\" data-end=\"2464\">Molemmat markkinoivat tapahtumaa aktiivisesti omissa kanavissaan.<\/strong><\/p>\n<\/li>\n<li data-start=\"2465\" data-end=\"2525\">\n<p data-start=\"2467\" data-end=\"2525\"><strong data-start=\"2467\" data-end=\"2525\">Saat j\u00e4rjest\u00e4j\u00e4n\u00e4 30 % osuuden tapahtuman myynnist\u00e4.<\/strong><\/p>\n<\/li>\n<\/ul>\n<p data-start=\"2527\" data-end=\"2701\" style=\"text-align: center;\">Tapahtuman teemat sopivat erinomaisesti hengityksest\u00e4, stressinhallinnasta, hyvinvoinnista ja levollisesta el\u00e4m\u00e4st\u00e4 kiinnostuneille \u2013 sek\u00e4 aloittelijoille ett\u00e4 kokeneemmille. Asiakkaiden kokemuksia l\u00f6yd\u00e4t <a href=\"https:\/\/breathingman.fi\/?page_id=45810\">T\u00e4\u00e4lt\u00e4<\/a>.<\/p>\n<p data-start=\"2703\" data-end=\"2745\" style=\"text-align: center;\"><strong data-start=\"2703\" data-end=\"2745\">Kiinnostuitko? Ota yhteytt\u00e4:<\/strong><\/p>\n<p data-start=\"2747\" data-end=\"2800\" style=\"text-align: center;\">\ud83d\udce9 <a data-start=\"2750\" data-end=\"2774\" class=\"cursor-pointer\" rel=\"noopener\">arttu.lipsonen@gmail.com<\/a><br data-start=\"2774\" data-end=\"2777\" \/>\ud83d\udcde 040 590 2869 \/ Arttu<\/p>\n<p style=\"text-align: center;\">\n<p align=\"center\">\n<p align=\"center\">\n<p align=\"center\">\n<p align=\"center\">\n<p align=\"center\">\n<p style=\"text-align: center;\">\n<p style=\"text-align: center;\">\n<p style=\"text-align: center;\">\n<p style=\"text-align: center;\">\n<p>[\/et_pb_text][et_pb_testimonial author=&#8221;Juha Larm, yritt\u00e4j\u00e4, Fitfarm Oy &#8221; portrait_url=&#8221;https:\/\/breathingman.fi\/wp-content\/uploads\/2024\/02\/Larm-Juha.jpg&#8221; _builder_version=&#8221;4.24.2&#8243; _module_preset=&#8221;default&#8221; global_colors_info=&#8221;{}&#8221;]<\/p>\n<p style=\"line-height: 100%; margin-bottom: 0cm; text-align: center;\">Arttu on upea, inspiroiva ja turvallinen hengitysvalmentaja. Ryhm\u00e4tilanteessa sill\u00e4 on j\u00e4nn\u00e4 kyky jotenkin yksil\u00f6llisesti poistaa esteit\u00e4, h\u00e4lvent\u00e4\u00e4 pelkoja, luoda turvaa ja johdattaa siihen kunkin omaan yksil\u00f6lliseen hengitykseen ja rauhaan\u2026 Sellainen j\u00e4m\u00e4kk\u00e4 tatsi niihin tekniikoihin, mutta erityisesti ihan puhetapaa my\u00f6ten sellanen rento ja v\u00e4lit\u00f6n fiilis. Tykk\u00e4\u00e4n valmennusfilosofiasta miss\u00e4 t\u00e4\u00e4 hengitys ei oo mit\u00e4\u00e4n extremesuorituksia vaan ennen kaikkea ty\u00f6kalu lis\u00e4\u00e4m\u00e4\u00e4n rentoutta\u2026 rauhaa ja rakkautta. Ty\u00f6pajoissa oon kokenut tosi meditatiivisia puhdistavia kokemuksia ja tapahtumien j\u00e4lkeen on ollut pitk\u00e4\u00e4n hyv\u00e4 olo. Tyk\u00e4t\u00e4\u00e4n kovasti! Kiitos!<\/p>\n<p>[\/et_pb_testimonial][\/et_pb_column][\/et_pb_row][\/et_pb_section][et_pb_section fb_built=&#8221;1&#8243; fullwidth=&#8221;on&#8221; _builder_version=&#8221;4.21.0&#8243; _module_preset=&#8221;default&#8221; global_colors_info=&#8221;{}&#8221;][et_pb_fullwidth_menu _builder_version=&#8221;4.21.0&#8243; _module_preset=&#8221;default&#8221; global_colors_info=&#8221;{}&#8221;][\/et_pb_fullwidth_menu][\/et_pb_section]<\/p>\n","protected":false},"excerpt":{"rendered":"<p>&nbsp; &nbsp; &nbsp; YKSIL\u00d6VALMENNUS Varaa maksuton 15 min kartoituspuhelu viestill\u00e4: 040-5902869\/Arttu 1) BREATHINGMAN HENGITYS, STRESSI &amp; HERMOSTO\u00a0 T\u00e4m\u00e4 valmennus on sinulle, joka haluat ottaa hengityksesi haltuun ja rauhoittaa hermostoasi arjessa ty\u00f6ss\u00e4 ja unessa.Tehd\u00e4\u00e4n yksil\u00f6llinen kartoitus hengityksesi tilasta ja rakennetaan selke\u00e4 polku eteenp\u00e4in. Sevit\u00e4mme yhdess\u00e4 stressireaktiosi juurisyyt ja l\u00f6yd\u00e4mme yksil\u00f6lliset keinot vaikuttaa juuri sinun kehoon, mieleen [&hellip;]<\/p>\n","protected":false},"author":1,"featured_media":0,"parent":0,"menu_order":0,"comment_status":"closed","ping_status":"closed","template":"","meta":{"_et_pb_use_builder":"on","_et_pb_old_content":"","_et_gb_content_width":"","footnotes":""},"class_list":["post-23017","page","type-page","status-publish","hentry"],"_links":{"self":[{"href":"https:\/\/breathingman.fi\/index.php?rest_route=\/wp\/v2\/pages\/23017","targetHints":{"allow":["GET"]}}],"collection":[{"href":"https:\/\/breathingman.fi\/index.php?rest_route=\/wp\/v2\/pages"}],"about":[{"href":"https:\/\/breathingman.fi\/index.php?rest_route=\/wp\/v2\/types\/page"}],"author":[{"embeddable":true,"href":"https:\/\/breathingman.fi\/index.php?rest_route=\/wp\/v2\/users\/1"}],"replies":[{"embeddable":true,"href":"https:\/\/breathingman.fi\/index.php?rest_route=%2Fwp%2Fv2%2Fcomments&post=23017"}],"version-history":[{"count":52,"href":"https:\/\/breathingman.fi\/index.php?rest_route=\/wp\/v2\/pages\/23017\/revisions"}],"predecessor-version":[{"id":46130,"href":"https:\/\/breathingman.fi\/index.php?rest_route=\/wp\/v2\/pages\/23017\/revisions\/46130"}],"wp:attachment":[{"href":"https:\/\/breathingman.fi\/index.php?rest_route=%2Fwp%2Fv2%2Fmedia&parent=23017"}],"curies":[{"name":"wp","href":"https:\/\/api.w.org\/{rel}","templated":true}]}}